{"id":2900,"date":"2015-10-15T11:34:55","date_gmt":"2015-10-15T11:34:55","guid":{"rendered":"https:\/\/agullovilaro.es\/en\/periodoncia\/"},"modified":"2016-04-19T11:25:35","modified_gmt":"2016-04-19T11:25:35","slug":"periodoncia","status":"publish","type":"page","link":"https:\/\/www.agullovilaro.es\/en\/periodoncia\/","title":{"rendered":"Periodontics"},"content":{"rendered":"[vc_row type=&#8221;full_width_background&#8221; bg_color=&#8221;#ffffff&#8221; scene_position=&#8221;center&#8221; text_color=&#8221;dark&#8221; text_align=&#8221;left&#8221; top_padding=&#8221;30&#8243; bottom_padding=&#8221;40&#8243;][vc_column column_padding=&#8221;no-extra-padding&#8221; column_padding_position=&#8221;all&#8221; background_color_opacity=&#8221;1&#8243; background_hover_color_opacity=&#8221;1&#8243; width=&#8221;2\/3&#8243;][vc_column_text]Periodontics is the dental specialty that deals with Diagnosis, Prevention and Treatment of \u201cGums diseases\u201d, such as Gingivitis and Periodontitis.<\/p>\n<p>Gingivitis is an inflammation of the gums caused by a bacterial infection, which causes their reddening and frequent episodes of gum bleeding. If this disease is correctly treated, with a good oral hygiene, and with regular visits to the dentist, it will not cause any fixing bone loss.<\/p>\n<p>Si la gingivitis no se trata debidamente, puede convertirse en Periodontitis, que es la inflamaci\u00f3n alrededor de los dientes. Se forman espacios y bolsas porque se pierde tanto el hueso como los tejidos que sostienen los dientes.<\/p>\n<p><img fetchpriority=\"high\" decoding=\"async\" class=\" wp-image-110 size-full aligncenter\" src=\"https:\/\/www.agullovilaro.es\/wp-content\/uploads\/2015\/10\/periodoncia.png\" alt=\"\" width=\"390\" height=\"165\" \/><\/p>\n<p>The following are risk factors for gingivitis and periodontitis: diabetes or another chronic disease, hormonal changes, smoking, certain medicaments or genetic factors.<\/p>\n<p>Symptoms of gingivitis or periodontitis can include:<\/p>\n<p>&nbsp;<\/p>\n<ul>\n<li>Bad breath<\/li>\n<li>Inflamation and reddening of gums, which can bleed<\/li>\n<li>Pain when chewing<\/li>\n<li>Tooth shifting<\/li>\n<li>Sensitive teeth<\/li>\n<li>Teeth may look longer than normal<\/li>\n<\/ul>\n<p>&nbsp;<\/p>\n<p>Our periodontists\u2019 labour is to make a correct diagnosis and treat any gums disease, and to offer you a correct professional care and a complete prevention program. We count on a large number of treatments, with suitable systems that enables us to have a perfect view of the working area.<\/p>\n<p>We provide personal attention to the patient, and our treatments are completely painless. Besides the basic treatment for periodontal diseases, we also perform periodontal surgery, either to restore the patients to optimal dental health, or to comply with the request of another specialist.[\/vc_column_text][\/vc_column][vc_column column_padding=&#8221;no-extra-padding&#8221; column_padding_position=&#8221;all&#8221; background_color_opacity=&#8221;1&#8243; background_hover_color_opacity=&#8221;1&#8243; width=&#8221;1\/3&#8243;][vc_widget_sidebar title=&#8221;Otros tratamientos&#8221; sidebar_id=&#8221;footer-area-1&#8243;][\/vc_column][\/vc_row]\n","protected":false},"excerpt":{"rendered":"<p>[vc_row type=&#8221;full_width_background&#8221; bg_color=&#8221;#ffffff&#8221; scene_position=&#8221;center&#8221; text_color=&#8221;dark&#8221; text_align=&#8221;left&#8221; top_padding=&#8221;30&#8243; bottom_padding=&#8221;40&#8243;][vc_column column_padding=&#8221;no-extra-padding&#8221; column_padding_position=&#8221;all&#8221; background_color_opacity=&#8221;1&#8243; background_hover_color_opacity=&#8221;1&#8243; width=&#8221;2\/3&#8243;][vc_column_text]Periodontics is the dental specialty that deals with Diagnosis, Prevention and Treatment of \u201cGums diseases\u201d, such as Gingivitis&#8230;<\/p>\n","protected":false},"author":7,"featured_media":0,"parent":0,"menu_order":0,"comment_status":"closed","ping_status":"closed","template":"","meta":{"footnotes":""},"class_list":["post-2900","page","type-page","status-publish"],"yoast_head":"<!-- This site is optimized with the Yoast SEO plugin v26.6 - https:\/\/yoast.com\/wordpress\/plugins\/seo\/ -->\n<title>Periodontics - AGULL\u00d3 Y VILAR\u00d3 DENTAL CLINIC<\/title>\n<meta name=\"description\" content=\"Periodontics - AGULL\u00d3 Y VILAR\u00d3 DENTAL CLINIC\" \/>\n<meta name=\"robots\" content=\"index, follow, max-snippet:-1, max-image-preview:large, max-video-preview:-1\" \/>\n<link rel=\"canonical\" href=\"https:\/\/www.agullovilaro.es\/en\/periodoncia\/\" \/>\n<meta property=\"og:locale\" content=\"en_US\" \/>\n<meta property=\"og:type\" content=\"article\" \/>\n<meta property=\"og:title\" content=\"Periodontics - AGULL\u00d3 Y VILAR\u00d3 DENTAL CLINIC\" \/>\n<meta property=\"og:description\" content=\"Periodontics - AGULL\u00d3 Y VILAR\u00d3 DENTAL CLINIC\" \/>\n<meta property=\"og:url\" content=\"https:\/\/www.agullovilaro.es\/en\/periodoncia\/\" \/>\n<meta property=\"og:site_name\" content=\"Cl\u00ednica Odontol\u00f3gica Agull\u00f3 y Vilar\u00f3\" \/>\n<meta property=\"article:modified_time\" content=\"2016-04-19T11:25:35+00:00\" \/>\n<meta property=\"og:image\" content=\"https:\/\/www.agullovilaro.es\/wp-content\/uploads\/2015\/10\/periodoncia.png\" \/>\n<meta name=\"twitter:card\" content=\"summary_large_image\" \/>\n<meta name=\"twitter:label1\" content=\"Est. reading time\" \/>\n\t<meta name=\"twitter:data1\" content=\"2 minutes\" \/>\n<script type=\"application\/ld+json\" class=\"yoast-schema-graph\">{\"@context\":\"https:\/\/schema.org\",\"@graph\":[{\"@type\":\"WebPage\",\"@id\":\"https:\/\/www.agullovilaro.es\/en\/periodoncia\/\",\"url\":\"https:\/\/www.agullovilaro.es\/en\/periodoncia\/\",\"name\":\"Periodontics - AGULL\u00d3 Y VILAR\u00d3 DENTAL CLINIC\",\"isPartOf\":{\"@id\":\"https:\/\/www.agullovilaro.es\/#website\"},\"primaryImageOfPage\":{\"@id\":\"https:\/\/www.agullovilaro.es\/en\/periodoncia\/#primaryimage\"},\"image\":{\"@id\":\"https:\/\/www.agullovilaro.es\/en\/periodoncia\/#primaryimage\"},\"thumbnailUrl\":\"https:\/\/www.agullovilaro.es\/wp-content\/uploads\/2015\/10\/periodoncia.png\",\"datePublished\":\"2015-10-15T11:34:55+00:00\",\"dateModified\":\"2016-04-19T11:25:35+00:00\",\"description\":\"Periodontics - AGULL\u00d3 Y VILAR\u00d3 DENTAL CLINIC\",\"breadcrumb\":{\"@id\":\"https:\/\/www.agullovilaro.es\/en\/periodoncia\/#breadcrumb\"},\"inLanguage\":\"en-US\",\"potentialAction\":[{\"@type\":\"ReadAction\",\"target\":[\"https:\/\/www.agullovilaro.es\/en\/periodoncia\/\"]}]},{\"@type\":\"ImageObject\",\"inLanguage\":\"en-US\",\"@id\":\"https:\/\/www.agullovilaro.es\/en\/periodoncia\/#primaryimage\",\"url\":\"https:\/\/www.agullovilaro.es\/wp-content\/uploads\/2015\/10\/periodoncia.png\",\"contentUrl\":\"https:\/\/www.agullovilaro.es\/wp-content\/uploads\/2015\/10\/periodoncia.png\"},{\"@type\":\"BreadcrumbList\",\"@id\":\"https:\/\/www.agullovilaro.es\/en\/periodoncia\/#breadcrumb\",\"itemListElement\":[{\"@type\":\"ListItem\",\"position\":1,\"name\":\"Portada\",\"item\":\"https:\/\/www.agullovilaro.es\/en\/\"},{\"@type\":\"ListItem\",\"position\":2,\"name\":\"Periodontics\"}]},{\"@type\":\"WebSite\",\"@id\":\"https:\/\/www.agullovilaro.es\/#website\",\"url\":\"https:\/\/www.agullovilaro.es\/\",\"name\":\"Cl\u00ednica Odontol\u00f3gica Agull\u00f3 y Vilar\u00f3\",\"description\":\"\",\"potentialAction\":[{\"@type\":\"SearchAction\",\"target\":{\"@type\":\"EntryPoint\",\"urlTemplate\":\"https:\/\/www.agullovilaro.es\/?s={search_term_string}\"},\"query-input\":{\"@type\":\"PropertyValueSpecification\",\"valueRequired\":true,\"valueName\":\"search_term_string\"}}],\"inLanguage\":\"en-US\"}]}<\/script>\n<!-- \/ Yoast SEO plugin. -->","yoast_head_json":{"title":"Periodontics - AGULL\u00d3 Y VILAR\u00d3 DENTAL CLINIC","description":"Periodontics - AGULL\u00d3 Y VILAR\u00d3 DENTAL CLINIC","robots":{"index":"index","follow":"follow","max-snippet":"max-snippet:-1","max-image-preview":"max-image-preview:large","max-video-preview":"max-video-preview:-1"},"canonical":"https:\/\/www.agullovilaro.es\/en\/periodoncia\/","og_locale":"en_US","og_type":"article","og_title":"Periodontics - AGULL\u00d3 Y VILAR\u00d3 DENTAL CLINIC","og_description":"Periodontics - AGULL\u00d3 Y VILAR\u00d3 DENTAL CLINIC","og_url":"https:\/\/www.agullovilaro.es\/en\/periodoncia\/","og_site_name":"Cl\u00ednica Odontol\u00f3gica Agull\u00f3 y Vilar\u00f3","article_modified_time":"2016-04-19T11:25:35+00:00","og_image":[{"url":"https:\/\/www.agullovilaro.es\/wp-content\/uploads\/2015\/10\/periodoncia.png","type":"","width":"","height":""}],"twitter_card":"summary_large_image","twitter_misc":{"Est. reading time":"2 minutes"},"schema":{"@context":"https:\/\/schema.org","@graph":[{"@type":"WebPage","@id":"https:\/\/www.agullovilaro.es\/en\/periodoncia\/","url":"https:\/\/www.agullovilaro.es\/en\/periodoncia\/","name":"Periodontics - AGULL\u00d3 Y VILAR\u00d3 DENTAL CLINIC","isPartOf":{"@id":"https:\/\/www.agullovilaro.es\/#website"},"primaryImageOfPage":{"@id":"https:\/\/www.agullovilaro.es\/en\/periodoncia\/#primaryimage"},"image":{"@id":"https:\/\/www.agullovilaro.es\/en\/periodoncia\/#primaryimage"},"thumbnailUrl":"https:\/\/www.agullovilaro.es\/wp-content\/uploads\/2015\/10\/periodoncia.png","datePublished":"2015-10-15T11:34:55+00:00","dateModified":"2016-04-19T11:25:35+00:00","description":"Periodontics - AGULL\u00d3 Y VILAR\u00d3 DENTAL CLINIC","breadcrumb":{"@id":"https:\/\/www.agullovilaro.es\/en\/periodoncia\/#breadcrumb"},"inLanguage":"en-US","potentialAction":[{"@type":"ReadAction","target":["https:\/\/www.agullovilaro.es\/en\/periodoncia\/"]}]},{"@type":"ImageObject","inLanguage":"en-US","@id":"https:\/\/www.agullovilaro.es\/en\/periodoncia\/#primaryimage","url":"https:\/\/www.agullovilaro.es\/wp-content\/uploads\/2015\/10\/periodoncia.png","contentUrl":"https:\/\/www.agullovilaro.es\/wp-content\/uploads\/2015\/10\/periodoncia.png"},{"@type":"BreadcrumbList","@id":"https:\/\/www.agullovilaro.es\/en\/periodoncia\/#breadcrumb","itemListElement":[{"@type":"ListItem","position":1,"name":"Portada","item":"https:\/\/www.agullovilaro.es\/en\/"},{"@type":"ListItem","position":2,"name":"Periodontics"}]},{"@type":"WebSite","@id":"https:\/\/www.agullovilaro.es\/#website","url":"https:\/\/www.agullovilaro.es\/","name":"Cl\u00ednica Odontol\u00f3gica Agull\u00f3 y Vilar\u00f3","description":"","potentialAction":[{"@type":"SearchAction","target":{"@type":"EntryPoint","urlTemplate":"https:\/\/www.agullovilaro.es\/?s={search_term_string}"},"query-input":{"@type":"PropertyValueSpecification","valueRequired":true,"valueName":"search_term_string"}}],"inLanguage":"en-US"}]}},"_links":{"self":[{"href":"https:\/\/www.agullovilaro.es\/en\/wp-json\/wp\/v2\/pages\/2900","targetHints":{"allow":["GET"]}}],"collection":[{"href":"https:\/\/www.agullovilaro.es\/en\/wp-json\/wp\/v2\/pages"}],"about":[{"href":"https:\/\/www.agullovilaro.es\/en\/wp-json\/wp\/v2\/types\/page"}],"author":[{"embeddable":true,"href":"https:\/\/www.agullovilaro.es\/en\/wp-json\/wp\/v2\/users\/7"}],"replies":[{"embeddable":true,"href":"https:\/\/www.agullovilaro.es\/en\/wp-json\/wp\/v2\/comments?post=2900"}],"version-history":[{"count":3,"href":"https:\/\/www.agullovilaro.es\/en\/wp-json\/wp\/v2\/pages\/2900\/revisions"}],"predecessor-version":[{"id":3228,"href":"https:\/\/www.agullovilaro.es\/en\/wp-json\/wp\/v2\/pages\/2900\/revisions\/3228"}],"wp:attachment":[{"href":"https:\/\/www.agullovilaro.es\/en\/wp-json\/wp\/v2\/media?parent=2900"}],"curies":[{"name":"wp","href":"https:\/\/api.w.org\/{rel}","templated":true}]}}

[vc_row type=&#8221;full_width_background&#8221; bg_color=&#8221;#ffffff&#8221; scene_position=&#8221;center&#8221; text_color=&#8221;dark&#8221; text_align=&#8221;left&#8221; top_padding=&#8221;30&#8243; bottom_padding=&#8221;40&#8243;][vc_column column_padding=&#8221;no-extra-padding&#8221; column_padding_position=&#8221;all&#8221; background_color_opacity=&#8221;1&#8243; background_hover_color_opacity=&#8221;1&#8243; width=&#8221;2/3&#8243;][vc_column_text]Periodontics is the dental specialty that deals with Diagnosis, Prevention and Treatment of “Gums diseases”, such as Gingivitis and Periodontitis.</p>
<p>Gingivitis is an inflammation of the gums caused by a bacterial infection, which causes their reddening and frequent episodes of gum bleeding. If this disease is correctly treated, with a good oral hygiene, and with regular visits to the dentist, it will not cause any fixing bone loss.</p>
<p>Si la gingivitis no se trata debidamente, puede convertirse en Periodontitis, que es la inflamación alrededor de los dientes. Se forman espacios y bolsas porque se pierde tanto el hueso como los tejidos que sostienen los dientes.</p>
<p><img fetchpriority="high" decoding="async" class=" wp-image-110 size-full aligncenter" src="https://www.agullovilaro.es/wp-content/uploads/2015/10/periodoncia.png" alt="" width="390" height="165" /></p>
<p>The following are risk factors for gingivitis and periodontitis: diabetes or another chronic disease, hormonal changes, smoking, certain medicaments or genetic factors.</p>
<p>Symptoms of gingivitis or periodontitis can include:</p>
<p>&nbsp;</p>
<ul>
<li>Bad breath</li>
<li>Inflamation and reddening of gums, which can bleed</li>
<li>Pain when chewing</li>
<li>Tooth shifting</li>
<li>Sensitive teeth</li>
<li>Teeth may look longer than normal</li>
</ul>
<p>&nbsp;</p>
<p>Our periodontists’ labour is to make a correct diagnosis and treat any gums disease, and to offer you a correct professional care and a complete prevention program. We count on a large number of treatments, with suitable systems that enables us to have a perfect view of the working area.</p>
<p>We provide personal attention to the patient, and our treatments are completely painless. Besides the basic treatment for periodontal diseases, we also perform periodontal surgery, either to restore the patients to optimal dental health, or to comply with the request of another specialist.[/vc_column_text][/vc_column][vc_column column_padding=&#8221;no-extra-padding&#8221; column_padding_position=&#8221;all&#8221; background_color_opacity=&#8221;1&#8243; background_hover_color_opacity=&#8221;1&#8243; width=&#8221;1/3&#8243;][vc_widget_sidebar title=&#8221;Otros tratamientos&#8221; sidebar_id=&#8221;footer-area-1&#8243;][/vc_column][/vc_row]

<!-- This site is optimized with the Yoast SEO plugin v26.6 - https://yoast.com/wordpress/plugins/seo/ -->
<title>Periodontics - AGULLÓ Y VILARÓ DENTAL CLINIC</title>
<meta name="description" content="Periodontics - AGULLÓ Y VILARÓ DENTAL CLINIC" />
<meta name="robots" content="index, follow, max-snippet:-1, max-image-preview:large, max-video-preview:-1" />
<link rel="canonical" href="https://www.agullovilaro.es/en/periodoncia/" />
<meta property="og:locale" content="en_US" />
<meta property="og:type" content="article" />
<meta property="og:title" content="Periodontics - AGULLÓ Y VILARÓ DENTAL CLINIC" />
<meta property="og:description" content="Periodontics - AGULLÓ Y VILARÓ DENTAL CLINIC" />
<meta property="og:url" content="https://www.agullovilaro.es/en/periodoncia/" />
<meta property="og:site_name" content="Clínica Odontológica Agulló y Vilaró" />
<meta property="article:modified_time" content="2016-04-19T11:25:35+00:00" />
<meta property="og:image" content="https://www.agullovilaro.es/wp-content/uploads/2015/10/periodoncia.png" />
<meta name="twitter:card" content="summary_large_image" />
<meta name="twitter:label1" content="Est. reading time" />
	<meta name="twitter:data1" content="2 minutes" />
<script type="application/ld+json" class="yoast-schema-graph">{"@context":"https://schema.org","@graph":[{"@type":"WebPage","@id":"https://www.agullovilaro.es/en/periodoncia/","url":"https://www.agullovilaro.es/en/periodoncia/","name":"Periodontics - AGULLÓ Y VILARÓ DENTAL CLINIC","isPartOf":{"@id":"https://www.agullovilaro.es/#website"},"primaryImageOfPage":{"@id":"https://www.agullovilaro.es/en/periodoncia/#primaryimage"},"image":{"@id":"https://www.agullovilaro.es/en/periodoncia/#primaryimage"},"thumbnailUrl":"https://www.agullovilaro.es/wp-content/uploads/2015/10/periodoncia.png","datePublished":"2015-10-15T11:34:55+00:00","dateModified":"2016-04-19T11:25:35+00:00","description":"Periodontics - AGULLÓ Y VILARÓ DENTAL CLINIC","breadcrumb":{"@id":"https://www.agullovilaro.es/en/periodoncia/#breadcrumb"},"inLanguage":"en-US","potentialAction":[{"@type":"ReadAction","target":["https://www.agullovilaro.es/en/periodoncia/"]}]},{"@type":"ImageObject","inLanguage":"en-US","@id":"https://www.agullovilaro.es/en/periodoncia/#primaryimage","url":"https://www.agullovilaro.es/wp-content/uploads/2015/10/periodoncia.png","contentUrl":"https://www.agullovilaro.es/wp-content/uploads/2015/10/periodoncia.png"},{"@type":"BreadcrumbList","@id":"https://www.agullovilaro.es/en/periodoncia/#breadcrumb","itemListElement":[{"@type":"ListItem","position":1,"name":"Portada","item":"https://www.agullovilaro.es/en/"},{"@type":"ListItem","position":2,"name":"Periodontics"}]},{"@type":"WebSite","@id":"https://www.agullovilaro.es/#website","url":"https://www.agullovilaro.es/","name":"Clínica Odontológica Agulló y Vilaró","description":"","potentialAction":[{"@type":"SearchAction","target":{"@type":"EntryPoint","urlTemplate":"https://www.agullovilaro.es/?s={search_term_string}"},"query-input":{"@type":"PropertyValueSpecification","valueRequired":true,"valueName":"search_term_string"}}],"inLanguage":"en-US"}]}</script>
<!-- / Yoast SEO plugin. -->

Periodontics - AGULLÓ Y VILARÓ DENTAL CLINIC

Clínica Odontológica Agulló y Vilaró
