{"id":2909,"date":"2015-10-15T11:35:00","date_gmt":"2015-10-15T11:35:00","guid":{"rendered":"https:\/\/agullovilaro.es\/en\/cirugia-ortognatica\/"},"modified":"2015-10-27T15:01:37","modified_gmt":"2015-10-27T15:01:37","slug":"cirugia-ortognatica","status":"publish","type":"page","link":"https:\/\/www.agullovilaro.es\/en\/cirugia-ortognatica\/","title":{"rendered":"Orthognathic Surgery"},"content":{"rendered":"[vc_row type=&#8221;full_width_background&#8221; bg_color=&#8221;#ffffff&#8221; scene_position=&#8221;center&#8221; text_color=&#8221;dark&#8221; text_align=&#8221;left&#8221; top_padding=&#8221;30&#8243; bottom_padding=&#8221;40&#8243;][vc_column column_padding=&#8221;no-extra-padding&#8221; column_padding_position=&#8221;all&#8221; background_color_opacity=&#8221;1&#8243; background_hover_color_opacity=&#8221;1&#8243; width=&#8221;2\/3&#8243;][vc_column_text]Orthognathic surgery is a complex process to correct dentofacial deformities and their corresponding dental malocclusion. This is the suitable process to change a face without harmony into a face that presents the perfect aesthetic harmony. About 30% of population presents some kind of facial disharmony.<\/p>\n<p>The following are the possible etiologies: Congenital or Acquired Disharmony.<\/p>\n<ul>\n<li>Congenital Disharmony: Caused by syndromes, cleft lip, microsomias, and so on.<\/li>\n<li>Acquired Disharmony: Caused by a mouth breathing, a habit (thumb suckers), a trauma, and so on.<\/li>\n<\/ul>\n<p>The surgery takes place with a multidisciplinar team, mainly composed by the orthodoncist and the maxilofacial surgeon. They design and build a new face and a correct function. With the aim of having a sucessful result, it is essential that they get accurate complete records before they proceed with surgery.<\/p>\n<p>Orthodontics for orthognatic surgery is highly specialized and difficult, and it has to be always coordinated with the surgeon and the orthodontist. Thanks to the great advances in the field of dental diagnosis, such as CBCT -3D-, digital printings \u2013scanner- and minimally invasive surgery, a highly accurate planification and analisis are possible. This minimizes the risks of this kind of surgery, so that the virtual planification of each case can be\u00a0 previously done.<\/p>\n<p>&nbsp;<\/p>\n<p><img fetchpriority=\"high\" decoding=\"async\" class=\"aligncenter size-full wp-image-302\" src=\"https:\/\/www.agullovilaro.es\/wp-content\/uploads\/2015\/10\/Cirugia-1.jpg\" alt=\"Cirugia 1\" width=\"698\" height=\"423\" \/><\/p>\n<p>&nbsp;<\/p>\n<p><img decoding=\"async\" class=\"aligncenter size-medium wp-image-303\" src=\"https:\/\/www.agullovilaro.es\/wp-content\/uploads\/2015\/10\/cirugia-2.jpg\" alt=\"cirugia 2\" width=\"695\" height=\"417\" \/><\/p>\n<p>&nbsp;<\/p>\n<p>&nbsp;<\/p>\n<p>The following are the aims of the treatment with orthognathic surgery:<\/p>\n<ul>\n<li>Facial aeshetic.<\/li>\n<li>Dental aesthetic.<\/li>\n<li>Correct bite.<\/li>\n<li>Joint health (ATM)<\/li>\n<li>Periodontal health, gums<\/li>\n<li>Enhancement of breathing (airways)<\/li>\n<\/ul>\n<p>Our aim is to fulfill our patients\u2019 wishes. Although the problems that require this kind of surgery are extremely sensitive, they have a solution. With an accurate planification of each case, we will be able to get a good result.<\/p>\n<p>Nowadays, we hear a great deal about OSAS, episodes of obstructed breathing during sleep. In the majority of the cases, this treatment is applied because there is a breathing problem, and this is the only way of solving it.<\/p>\n<p>A small jaw may lead to a blocked rear way, and with orthognathic surgery we are able to restore the normal and nasal breathing of our patients.<\/p>\n<p>&nbsp;<\/p>\n<p><img decoding=\"async\" class=\"aligncenter size-medium wp-image-304\" src=\"https:\/\/www.agullovilaro.es\/wp-content\/uploads\/2015\/10\/cirugia-3-720x490.png\" alt=\"cirugia 3\" width=\"720\" height=\"490\" \/><\/p>\n<h2>Recommended surgeons:<\/h2>\n<ul>\n<li><a href=\"http:\/\/www.teknon.es\/web\/hernandez-alfaro\" target=\"_blank\">Centro m\u00e9dico Teknon <\/a><\/li>\n<li><a href=\"http:\/\/maxilofacial.com.es\/cirugia-ortognatica\/cirugia-ortognatica.php\" target=\"_blank\">Maxilofacial: \u00bfQu\u00e9 es la cirug\u00eda ortogn\u00e1tica?<\/a><\/li>\n<\/ul>\n[\/vc_column_text][\/vc_column][vc_column column_padding=&#8221;no-extra-padding&#8221; column_padding_position=&#8221;all&#8221; background_color_opacity=&#8221;1&#8243; background_hover_color_opacity=&#8221;1&#8243; width=&#8221;1\/3&#8243;][vc_widget_sidebar title=&#8221;Otros tratamientos&#8221; sidebar_id=&#8221;footer-area-1&#8243;][\/vc_column][\/vc_row]\n","protected":false},"excerpt":{"rendered":"<p>[vc_row type=&#8221;full_width_background&#8221; bg_color=&#8221;#ffffff&#8221; scene_position=&#8221;center&#8221; text_color=&#8221;dark&#8221; text_align=&#8221;left&#8221; top_padding=&#8221;30&#8243; bottom_padding=&#8221;40&#8243;][vc_column column_padding=&#8221;no-extra-padding&#8221; column_padding_position=&#8221;all&#8221; background_color_opacity=&#8221;1&#8243; background_hover_color_opacity=&#8221;1&#8243; width=&#8221;2\/3&#8243;][vc_column_text]Orthognathic surgery is a complex process to correct dentofacial deformities and their corresponding dental malocclusion. This is the&#8230;<\/p>\n","protected":false},"author":7,"featured_media":0,"parent":0,"menu_order":0,"comment_status":"closed","ping_status":"closed","template":"","meta":{"footnotes":""},"class_list":["post-2909","page","type-page","status-publish"],"yoast_head":"<!-- This site is optimized with the Yoast SEO plugin v26.6 - https:\/\/yoast.com\/wordpress\/plugins\/seo\/ -->\n<title>Orthognathic Surgery - Agull\u00f3 y Vilar\u00f3 Dental Clinic<\/title>\n<meta name=\"description\" content=\"Orthognathic Surgery - Agull\u00f3 y Vilar\u00f3 Dental Clinic\" \/>\n<meta name=\"robots\" content=\"index, follow, max-snippet:-1, max-image-preview:large, max-video-preview:-1\" \/>\n<link rel=\"canonical\" href=\"https:\/\/www.agullovilaro.es\/en\/cirugia-ortognatica\/\" \/>\n<meta property=\"og:locale\" content=\"en_US\" \/>\n<meta property=\"og:type\" content=\"article\" \/>\n<meta property=\"og:title\" content=\"Orthognathic Surgery - Agull\u00f3 y Vilar\u00f3 Dental Clinic\" \/>\n<meta property=\"og:description\" content=\"Orthognathic Surgery - Agull\u00f3 y Vilar\u00f3 Dental Clinic\" \/>\n<meta property=\"og:url\" content=\"https:\/\/www.agullovilaro.es\/en\/cirugia-ortognatica\/\" \/>\n<meta property=\"og:site_name\" content=\"Cl\u00ednica Odontol\u00f3gica Agull\u00f3 y Vilar\u00f3\" \/>\n<meta property=\"article:modified_time\" content=\"2015-10-27T15:01:37+00:00\" \/>\n<meta property=\"og:image\" content=\"https:\/\/www.agullovilaro.es\/wp-content\/uploads\/2015\/10\/Cirugia-1.jpg\" \/>\n<meta name=\"twitter:card\" content=\"summary_large_image\" \/>\n<meta name=\"twitter:label1\" content=\"Est. reading time\" \/>\n\t<meta name=\"twitter:data1\" content=\"2 minutes\" \/>\n<script type=\"application\/ld+json\" class=\"yoast-schema-graph\">{\"@context\":\"https:\/\/schema.org\",\"@graph\":[{\"@type\":\"WebPage\",\"@id\":\"https:\/\/www.agullovilaro.es\/en\/cirugia-ortognatica\/\",\"url\":\"https:\/\/www.agullovilaro.es\/en\/cirugia-ortognatica\/\",\"name\":\"Orthognathic Surgery - Agull\u00f3 y Vilar\u00f3 Dental Clinic\",\"isPartOf\":{\"@id\":\"https:\/\/www.agullovilaro.es\/#website\"},\"primaryImageOfPage\":{\"@id\":\"https:\/\/www.agullovilaro.es\/en\/cirugia-ortognatica\/#primaryimage\"},\"image\":{\"@id\":\"https:\/\/www.agullovilaro.es\/en\/cirugia-ortognatica\/#primaryimage\"},\"thumbnailUrl\":\"https:\/\/www.agullovilaro.es\/wp-content\/uploads\/2015\/10\/Cirugia-1.jpg\",\"datePublished\":\"2015-10-15T11:35:00+00:00\",\"dateModified\":\"2015-10-27T15:01:37+00:00\",\"description\":\"Orthognathic Surgery - Agull\u00f3 y Vilar\u00f3 Dental Clinic\",\"breadcrumb\":{\"@id\":\"https:\/\/www.agullovilaro.es\/en\/cirugia-ortognatica\/#breadcrumb\"},\"inLanguage\":\"en-US\",\"potentialAction\":[{\"@type\":\"ReadAction\",\"target\":[\"https:\/\/www.agullovilaro.es\/en\/cirugia-ortognatica\/\"]}]},{\"@type\":\"ImageObject\",\"inLanguage\":\"en-US\",\"@id\":\"https:\/\/www.agullovilaro.es\/en\/cirugia-ortognatica\/#primaryimage\",\"url\":\"https:\/\/www.agullovilaro.es\/wp-content\/uploads\/2015\/10\/Cirugia-1.jpg\",\"contentUrl\":\"https:\/\/www.agullovilaro.es\/wp-content\/uploads\/2015\/10\/Cirugia-1.jpg\"},{\"@type\":\"BreadcrumbList\",\"@id\":\"https:\/\/www.agullovilaro.es\/en\/cirugia-ortognatica\/#breadcrumb\",\"itemListElement\":[{\"@type\":\"ListItem\",\"position\":1,\"name\":\"Portada\",\"item\":\"https:\/\/www.agullovilaro.es\/en\/\"},{\"@type\":\"ListItem\",\"position\":2,\"name\":\"Orthognathic Surgery\"}]},{\"@type\":\"WebSite\",\"@id\":\"https:\/\/www.agullovilaro.es\/#website\",\"url\":\"https:\/\/www.agullovilaro.es\/\",\"name\":\"Cl\u00ednica Odontol\u00f3gica Agull\u00f3 y Vilar\u00f3\",\"description\":\"\",\"potentialAction\":[{\"@type\":\"SearchAction\",\"target\":{\"@type\":\"EntryPoint\",\"urlTemplate\":\"https:\/\/www.agullovilaro.es\/?s={search_term_string}\"},\"query-input\":{\"@type\":\"PropertyValueSpecification\",\"valueRequired\":true,\"valueName\":\"search_term_string\"}}],\"inLanguage\":\"en-US\"}]}<\/script>\n<!-- \/ Yoast SEO plugin. -->","yoast_head_json":{"title":"Orthognathic Surgery - Agull\u00f3 y Vilar\u00f3 Dental Clinic","description":"Orthognathic Surgery - Agull\u00f3 y Vilar\u00f3 Dental Clinic","robots":{"index":"index","follow":"follow","max-snippet":"max-snippet:-1","max-image-preview":"max-image-preview:large","max-video-preview":"max-video-preview:-1"},"canonical":"https:\/\/www.agullovilaro.es\/en\/cirugia-ortognatica\/","og_locale":"en_US","og_type":"article","og_title":"Orthognathic Surgery - Agull\u00f3 y Vilar\u00f3 Dental Clinic","og_description":"Orthognathic Surgery - Agull\u00f3 y Vilar\u00f3 Dental Clinic","og_url":"https:\/\/www.agullovilaro.es\/en\/cirugia-ortognatica\/","og_site_name":"Cl\u00ednica Odontol\u00f3gica Agull\u00f3 y Vilar\u00f3","article_modified_time":"2015-10-27T15:01:37+00:00","og_image":[{"url":"https:\/\/www.agullovilaro.es\/wp-content\/uploads\/2015\/10\/Cirugia-1.jpg","type":"","width":"","height":""}],"twitter_card":"summary_large_image","twitter_misc":{"Est. reading time":"2 minutes"},"schema":{"@context":"https:\/\/schema.org","@graph":[{"@type":"WebPage","@id":"https:\/\/www.agullovilaro.es\/en\/cirugia-ortognatica\/","url":"https:\/\/www.agullovilaro.es\/en\/cirugia-ortognatica\/","name":"Orthognathic Surgery - Agull\u00f3 y Vilar\u00f3 Dental Clinic","isPartOf":{"@id":"https:\/\/www.agullovilaro.es\/#website"},"primaryImageOfPage":{"@id":"https:\/\/www.agullovilaro.es\/en\/cirugia-ortognatica\/#primaryimage"},"image":{"@id":"https:\/\/www.agullovilaro.es\/en\/cirugia-ortognatica\/#primaryimage"},"thumbnailUrl":"https:\/\/www.agullovilaro.es\/wp-content\/uploads\/2015\/10\/Cirugia-1.jpg","datePublished":"2015-10-15T11:35:00+00:00","dateModified":"2015-10-27T15:01:37+00:00","description":"Orthognathic Surgery - Agull\u00f3 y Vilar\u00f3 Dental Clinic","breadcrumb":{"@id":"https:\/\/www.agullovilaro.es\/en\/cirugia-ortognatica\/#breadcrumb"},"inLanguage":"en-US","potentialAction":[{"@type":"ReadAction","target":["https:\/\/www.agullovilaro.es\/en\/cirugia-ortognatica\/"]}]},{"@type":"ImageObject","inLanguage":"en-US","@id":"https:\/\/www.agullovilaro.es\/en\/cirugia-ortognatica\/#primaryimage","url":"https:\/\/www.agullovilaro.es\/wp-content\/uploads\/2015\/10\/Cirugia-1.jpg","contentUrl":"https:\/\/www.agullovilaro.es\/wp-content\/uploads\/2015\/10\/Cirugia-1.jpg"},{"@type":"BreadcrumbList","@id":"https:\/\/www.agullovilaro.es\/en\/cirugia-ortognatica\/#breadcrumb","itemListElement":[{"@type":"ListItem","position":1,"name":"Portada","item":"https:\/\/www.agullovilaro.es\/en\/"},{"@type":"ListItem","position":2,"name":"Orthognathic Surgery"}]},{"@type":"WebSite","@id":"https:\/\/www.agullovilaro.es\/#website","url":"https:\/\/www.agullovilaro.es\/","name":"Cl\u00ednica Odontol\u00f3gica Agull\u00f3 y Vilar\u00f3","description":"","potentialAction":[{"@type":"SearchAction","target":{"@type":"EntryPoint","urlTemplate":"https:\/\/www.agullovilaro.es\/?s={search_term_string}"},"query-input":{"@type":"PropertyValueSpecification","valueRequired":true,"valueName":"search_term_string"}}],"inLanguage":"en-US"}]}},"_links":{"self":[{"href":"https:\/\/www.agullovilaro.es\/en\/wp-json\/wp\/v2\/pages\/2909","targetHints":{"allow":["GET"]}}],"collection":[{"href":"https:\/\/www.agullovilaro.es\/en\/wp-json\/wp\/v2\/pages"}],"about":[{"href":"https:\/\/www.agullovilaro.es\/en\/wp-json\/wp\/v2\/types\/page"}],"author":[{"embeddable":true,"href":"https:\/\/www.agullovilaro.es\/en\/wp-json\/wp\/v2\/users\/7"}],"replies":[{"embeddable":true,"href":"https:\/\/www.agullovilaro.es\/en\/wp-json\/wp\/v2\/comments?post=2909"}],"version-history":[{"count":3,"href":"https:\/\/www.agullovilaro.es\/en\/wp-json\/wp\/v2\/pages\/2909\/revisions"}],"predecessor-version":[{"id":2913,"href":"https:\/\/www.agullovilaro.es\/en\/wp-json\/wp\/v2\/pages\/2909\/revisions\/2913"}],"wp:attachment":[{"href":"https:\/\/www.agullovilaro.es\/en\/wp-json\/wp\/v2\/media?parent=2909"}],"curies":[{"name":"wp","href":"https:\/\/api.w.org\/{rel}","templated":true}]}}

[vc_row type=&#8221;full_width_background&#8221; bg_color=&#8221;#ffffff&#8221; scene_position=&#8221;center&#8221; text_color=&#8221;dark&#8221; text_align=&#8221;left&#8221; top_padding=&#8221;30&#8243; bottom_padding=&#8221;40&#8243;][vc_column column_padding=&#8221;no-extra-padding&#8221; column_padding_position=&#8221;all&#8221; background_color_opacity=&#8221;1&#8243; background_hover_color_opacity=&#8221;1&#8243; width=&#8221;2/3&#8243;][vc_column_text]Orthognathic surgery is a complex process to correct dentofacial deformities and their corresponding dental malocclusion. This is the suitable process to change a face without harmony into a face that presents the perfect aesthetic harmony. About 30% of population presents some kind of facial disharmony.</p>
<p>The following are the possible etiologies: Congenital or Acquired Disharmony.</p>
<ul>
<li>Congenital Disharmony: Caused by syndromes, cleft lip, microsomias, and so on.</li>
<li>Acquired Disharmony: Caused by a mouth breathing, a habit (thumb suckers), a trauma, and so on.</li>
</ul>
<p>The surgery takes place with a multidisciplinar team, mainly composed by the orthodoncist and the maxilofacial surgeon. They design and build a new face and a correct function. With the aim of having a sucessful result, it is essential that they get accurate complete records before they proceed with surgery.</p>
<p>Orthodontics for orthognatic surgery is highly specialized and difficult, and it has to be always coordinated with the surgeon and the orthodontist. Thanks to the great advances in the field of dental diagnosis, such as CBCT -3D-, digital printings –scanner- and minimally invasive surgery, a highly accurate planification and analisis are possible. This minimizes the risks of this kind of surgery, so that the virtual planification of each case can be  previously done.</p>
<p>&nbsp;</p>
<p><img fetchpriority="high" decoding="async" class="aligncenter size-full wp-image-302" src="https://www.agullovilaro.es/wp-content/uploads/2015/10/Cirugia-1.jpg" alt="Cirugia 1" width="698" height="423" /></p>
<p>&nbsp;</p>
<p><img decoding="async" class="aligncenter size-medium wp-image-303" src="https://www.agullovilaro.es/wp-content/uploads/2015/10/cirugia-2.jpg" alt="cirugia 2" width="695" height="417" /></p>
<p>&nbsp;</p>
<p>&nbsp;</p>
<p>The following are the aims of the treatment with orthognathic surgery:</p>
<ul>
<li>Facial aeshetic.</li>
<li>Dental aesthetic.</li>
<li>Correct bite.</li>
<li>Joint health (ATM)</li>
<li>Periodontal health, gums</li>
<li>Enhancement of breathing (airways)</li>
</ul>
<p>Our aim is to fulfill our patients’ wishes. Although the problems that require this kind of surgery are extremely sensitive, they have a solution. With an accurate planification of each case, we will be able to get a good result.</p>
<p>Nowadays, we hear a great deal about OSAS, episodes of obstructed breathing during sleep. In the majority of the cases, this treatment is applied because there is a breathing problem, and this is the only way of solving it.</p>
<p>A small jaw may lead to a blocked rear way, and with orthognathic surgery we are able to restore the normal and nasal breathing of our patients.</p>
<p>&nbsp;</p>
<p><img decoding="async" class="aligncenter size-medium wp-image-304" src="https://www.agullovilaro.es/wp-content/uploads/2015/10/cirugia-3-720x490.png" alt="cirugia 3" width="720" height="490" /></p>
<h2>Recommended surgeons:</h2>
<ul>
<li><a href="http://www.teknon.es/web/hernandez-alfaro" target="_blank">Centro médico Teknon </a></li>
<li><a href="http://maxilofacial.com.es/cirugia-ortognatica/cirugia-ortognatica.php" target="_blank">Maxilofacial: ¿Qué es la cirugía ortognática?</a></li>
</ul>
[/vc_column_text][/vc_column][vc_column column_padding=&#8221;no-extra-padding&#8221; column_padding_position=&#8221;all&#8221; background_color_opacity=&#8221;1&#8243; background_hover_color_opacity=&#8221;1&#8243; width=&#8221;1/3&#8243;][vc_widget_sidebar title=&#8221;Otros tratamientos&#8221; sidebar_id=&#8221;footer-area-1&#8243;][/vc_column][/vc_row]

<!-- This site is optimized with the Yoast SEO plugin v26.6 - https://yoast.com/wordpress/plugins/seo/ -->
<title>Orthognathic Surgery - Agulló y Vilaró Dental Clinic</title>
<meta name="description" content="Orthognathic Surgery - Agulló y Vilaró Dental Clinic" />
<meta name="robots" content="index, follow, max-snippet:-1, max-image-preview:large, max-video-preview:-1" />
<link rel="canonical" href="https://www.agullovilaro.es/en/cirugia-ortognatica/" />
<meta property="og:locale" content="en_US" />
<meta property="og:type" content="article" />
<meta property="og:title" content="Orthognathic Surgery - Agulló y Vilaró Dental Clinic" />
<meta property="og:description" content="Orthognathic Surgery - Agulló y Vilaró Dental Clinic" />
<meta property="og:url" content="https://www.agullovilaro.es/en/cirugia-ortognatica/" />
<meta property="og:site_name" content="Clínica Odontológica Agulló y Vilaró" />
<meta property="article:modified_time" content="2015-10-27T15:01:37+00:00" />
<meta property="og:image" content="https://www.agullovilaro.es/wp-content/uploads/2015/10/Cirugia-1.jpg" />
<meta name="twitter:card" content="summary_large_image" />
<meta name="twitter:label1" content="Est. reading time" />
	<meta name="twitter:data1" content="2 minutes" />
<script type="application/ld+json" class="yoast-schema-graph">{"@context":"https://schema.org","@graph":[{"@type":"WebPage","@id":"https://www.agullovilaro.es/en/cirugia-ortognatica/","url":"https://www.agullovilaro.es/en/cirugia-ortognatica/","name":"Orthognathic Surgery - Agulló y Vilaró Dental Clinic","isPartOf":{"@id":"https://www.agullovilaro.es/#website"},"primaryImageOfPage":{"@id":"https://www.agullovilaro.es/en/cirugia-ortognatica/#primaryimage"},"image":{"@id":"https://www.agullovilaro.es/en/cirugia-ortognatica/#primaryimage"},"thumbnailUrl":"https://www.agullovilaro.es/wp-content/uploads/2015/10/Cirugia-1.jpg","datePublished":"2015-10-15T11:35:00+00:00","dateModified":"2015-10-27T15:01:37+00:00","description":"Orthognathic Surgery - Agulló y Vilaró Dental Clinic","breadcrumb":{"@id":"https://www.agullovilaro.es/en/cirugia-ortognatica/#breadcrumb"},"inLanguage":"en-US","potentialAction":[{"@type":"ReadAction","target":["https://www.agullovilaro.es/en/cirugia-ortognatica/"]}]},{"@type":"ImageObject","inLanguage":"en-US","@id":"https://www.agullovilaro.es/en/cirugia-ortognatica/#primaryimage","url":"https://www.agullovilaro.es/wp-content/uploads/2015/10/Cirugia-1.jpg","contentUrl":"https://www.agullovilaro.es/wp-content/uploads/2015/10/Cirugia-1.jpg"},{"@type":"BreadcrumbList","@id":"https://www.agullovilaro.es/en/cirugia-ortognatica/#breadcrumb","itemListElement":[{"@type":"ListItem","position":1,"name":"Portada","item":"https://www.agullovilaro.es/en/"},{"@type":"ListItem","position":2,"name":"Orthognathic Surgery"}]},{"@type":"WebSite","@id":"https://www.agullovilaro.es/#website","url":"https://www.agullovilaro.es/","name":"Clínica Odontológica Agulló y Vilaró","description":"","potentialAction":[{"@type":"SearchAction","target":{"@type":"EntryPoint","urlTemplate":"https://www.agullovilaro.es/?s={search_term_string}"},"query-input":{"@type":"PropertyValueSpecification","valueRequired":true,"valueName":"search_term_string"}}],"inLanguage":"en-US"}]}</script>
<!-- / Yoast SEO plugin. -->

Orthognathic Surgery - Agulló y Vilaró Dental Clinic

Clínica Odontológica Agulló y Vilaró
