{"id":2986,"date":"2015-10-15T11:06:13","date_gmt":"2015-10-15T11:06:13","guid":{"rendered":"https:\/\/agullovilaro.es\/en\/javier-togores-guigou\/"},"modified":"2024-10-21T16:31:36","modified_gmt":"2024-10-21T16:31:36","slug":"victor-cubillo-blasco","status":"publish","type":"page","link":"https:\/\/www.agullovilaro.es\/en\/victor-cubillo-blasco\/","title":{"rendered":"Victor Cubillo Blasco"},"content":{"rendered":"[vc_row type=&#8221;full_width_background&#8221; full_screen_row_position=&#8221;middle&#8221; column_margin=&#8221;default&#8221; column_direction=&#8221;default&#8221; column_direction_tablet=&#8221;default&#8221; column_direction_phone=&#8221;default&#8221; bg_color=&#8221;#ffffff&#8221; scene_position=&#8221;center&#8221; top_padding=&#8221;0&#8243; bottom_padding=&#8221;0&#8243; text_color=&#8221;dark&#8221; text_align=&#8221;left&#8221; row_border_radius=&#8221;none&#8221; row_border_radius_applies=&#8221;bg&#8221; overlay_strength=&#8221;0.3&#8243; gradient_direction=&#8221;left_to_right&#8221; shape_divider_position=&#8221;bottom&#8221; bg_image_animation=&#8221;none&#8221;][vc_column column_padding=&#8221;padding-4-percent&#8221; column_padding_tablet=&#8221;inherit&#8221; column_padding_phone=&#8221;inherit&#8221; column_padding_position=&#8221;all&#8221; background_color=&#8221;#ffffff&#8221; background_color_opacity=&#8221;1&#8243; background_hover_color_opacity=&#8221;1&#8243; column_shadow=&#8221;none&#8221; column_border_radius=&#8221;none&#8221; column_link_target=&#8221;_self&#8221; gradient_direction=&#8221;left_to_right&#8221; overlay_strength=&#8221;0.3&#8243; width=&#8221;1\/3&#8243; tablet_width_inherit=&#8221;default&#8221; tablet_text_alignment=&#8221;default&#8221; phone_text_alignment=&#8221;default&#8221; column_border_width=&#8221;none&#8221; column_border_style=&#8221;solid&#8221; bg_image_animation=&#8221;none&#8221;][image_with_animation image_url=&#8221;5053&#8243; animation=&#8221;Fade In&#8221; hover_animation=&#8221;none&#8221; alignment=&#8221;center&#8221; border_radius=&#8221;none&#8221; box_shadow=&#8221;none&#8221; image_loading=&#8221;default&#8221; max_width=&#8221;100%&#8221; max_width_mobile=&#8221;default&#8221;][\/vc_column][vc_column column_padding=&#8221;no-extra-padding&#8221; column_padding_tablet=&#8221;inherit&#8221; column_padding_phone=&#8221;inherit&#8221; column_padding_position=&#8221;all&#8221; background_color=&#8221;#ffffff&#8221; background_color_opacity=&#8221;1&#8243; background_hover_color_opacity=&#8221;1&#8243; column_shadow=&#8221;none&#8221; column_border_radius=&#8221;none&#8221; column_link_target=&#8221;_self&#8221; gradient_direction=&#8221;left_to_right&#8221; overlay_strength=&#8221;0.3&#8243; width=&#8221;2\/3&#8243; tablet_width_inherit=&#8221;default&#8221; tablet_text_alignment=&#8221;default&#8221; phone_text_alignment=&#8221;default&#8221; column_border_width=&#8221;none&#8221; column_border_style=&#8221;solid&#8221; bg_image_animation=&#8221;none&#8221;][vc_row_inner column_margin=&#8221;default&#8221; column_direction=&#8221;default&#8221; column_direction_tablet=&#8221;default&#8221; column_direction_phone=&#8221;default&#8221; text_align=&#8221;left&#8221;][vc_column_inner column_padding=&#8221;padding-5-percent&#8221; column_padding_tablet=&#8221;inherit&#8221; column_padding_phone=&#8221;inherit&#8221; column_padding_position=&#8221;all&#8221; background_color_opacity=&#8221;1&#8243; background_hover_color_opacity=&#8221;1&#8243; column_shadow=&#8221;none&#8221; column_border_radius=&#8221;none&#8221; column_link_target=&#8221;_self&#8221; gradient_direction=&#8221;left_to_right&#8221; overlay_strength=&#8221;0.3&#8243; width=&#8221;1\/1&#8243; tablet_width_inherit=&#8221;default&#8221; column_border_width=&#8221;none&#8221; column_border_style=&#8221;solid&#8221; bg_image_animation=&#8221;none&#8221; enable_animation=&#8221;true&#8221; animation=&#8221;flip-in&#8221;][vc_column_text]\n<h2 class=\"weight-700 kill-top-margin\">Victor Cubillo Blasco<\/h2>\n<p>FORMACI\u00d3N ACAD\u00c9MICA<\/p>\n<ul>\n<li class=\"p1\">2018 ESIRO Barcelona Barcelona, Espa\u00f1a M\u00e1ster en Oclusi\u00f3n, ATM y Pr\u00f3tesis sobre Implantes<\/li>\n<li class=\"p1\">2014 Cl\u00ednica del Dr. Joseph Choukroun Niza, Francia Especializaci\u00f3n en A-PRF<\/li>\n<li class=\"p1\">2003 \u2013 2004 Instituto ESORIB Madrid-Par\u00eds-Nueva York Implantolog\u00eda y Rehabilitaci\u00f3n Oral \/ M\u00e1ster<\/li>\n<li class=\"p1\">1996 \u2013 2001 Universidad Alfonso X El Sabio Madrid, Espa\u00f1a Odontolog\u00eda \/ Licenciatura 2001 Universidad Alfonso X El Sabio Madrid, Espa\u00f1a Curso Endodoncia Rotatoria<\/li>\n<li class=\"p1\">2000 Colegio Oficial de Odont\u00f3logos Toledo, Espa\u00f1a Tratamiento Odontol\u00f3gico en Pacientes Especiales<\/li>\n<\/ul>\n<p>EXPERIENCIA PROFESIONAL<\/p>\n<ul>\n<li class=\"p1\">Desde 2001 realizando odontolog\u00eda general, endodoncia, periodoncia y prostodoncia, y a partir de 2003 tambi\u00e9n cirug\u00eda e implantolog\u00eda, en diversas cl\u00ednicas, primero en Madrid y desde 2007 en Tenerife. Durante los \u00faltimos 14 a\u00f1os me he dedicado m\u00e1s a cirug\u00eda e implantolog\u00eda, especialmente a casos complejos de rehabilitaci\u00f3n sobre implantes. La regeneraci\u00f3n es la base para una correcta implantolog\u00eda en casos complejos, as\u00ed como la prostodoncia y la oclusi\u00f3n lo son para el \u00e9xito del tratamiento a medio y largo plazo. Actualmente ejerzo de Director M\u00e9dico en nuestro centro, Atelier Dental, en Tenerife adem\u00e1s de colaborar en cl\u00ednicas en Tenerife y La Palma. Contamos con cl\u00ednica, laboratorio de pr\u00f3tesis y centro de formaci\u00f3n tanto para cl\u00ednicos como t\u00e9cnicos dentales. Creemos, en Atelier Dental, que seguir form\u00e1ndonos es indispensable en nuestro medio profesional, e intentamos disponer de los mejores Maestros en cada campo<\/li>\n<\/ul>\n[\/vc_column_text][\/vc_column_inner][\/vc_row_inner][\/vc_column][\/vc_row]\n","protected":false},"excerpt":{"rendered":"<p>[vc_row type=&#8221;full_width_background&#8221; full_screen_row_position=&#8221;middle&#8221; column_margin=&#8221;default&#8221; column_direction=&#8221;default&#8221; column_direction_tablet=&#8221;default&#8221; column_direction_phone=&#8221;default&#8221; bg_color=&#8221;#ffffff&#8221; scene_position=&#8221;center&#8221; top_padding=&#8221;0&#8243; bottom_padding=&#8221;0&#8243; text_color=&#8221;dark&#8221; text_align=&#8221;left&#8221; row_border_radius=&#8221;none&#8221; row_border_radius_applies=&#8221;bg&#8221; overlay_strength=&#8221;0.3&#8243; gradient_direction=&#8221;left_to_right&#8221; shape_divider_position=&#8221;bottom&#8221; bg_image_animation=&#8221;none&#8221;][vc_column column_padding=&#8221;padding-4-percent&#8221; column_padding_tablet=&#8221;inherit&#8221; column_padding_phone=&#8221;inherit&#8221; column_padding_position=&#8221;all&#8221; background_color=&#8221;#ffffff&#8221; background_color_opacity=&#8221;1&#8243; background_hover_color_opacity=&#8221;1&#8243; column_shadow=&#8221;none&#8221; column_border_radius=&#8221;none&#8221; column_link_target=&#8221;_self&#8221; gradient_direction=&#8221;left_to_right&#8221;&#8230;<\/p>\n","protected":false},"author":7,"featured_media":0,"parent":0,"menu_order":0,"comment_status":"closed","ping_status":"closed","template":"","meta":{"footnotes":""},"class_list":["post-2986","page","type-page","status-publish"],"yoast_head":"<!-- This site is optimized with the Yoast SEO plugin v26.6 - https:\/\/yoast.com\/wordpress\/plugins\/seo\/ -->\n<title>Javier Togores Guigou - Cl\u00ednica Odontol\u00f3gica Agull\u00f3 y Villar\u00f3<\/title>\n<meta name=\"description\" content=\"Javier Togores Guigou - Cl\u00ednica Odontol\u00f3gica Agull\u00f3 y Villar\u00f3\" \/>\n<meta name=\"robots\" content=\"index, follow, max-snippet:-1, max-image-preview:large, max-video-preview:-1\" \/>\n<link rel=\"canonical\" href=\"https:\/\/www.agullovilaro.es\/en\/victor-cubillo-blasco\/\" \/>\n<meta property=\"og:locale\" content=\"en_US\" \/>\n<meta property=\"og:type\" content=\"article\" \/>\n<meta property=\"og:title\" content=\"Javier Togores Guigou - Cl\u00ednica Odontol\u00f3gica Agull\u00f3 y Villar\u00f3\" \/>\n<meta property=\"og:description\" content=\"Javier Togores Guigou - Cl\u00ednica Odontol\u00f3gica Agull\u00f3 y Villar\u00f3\" \/>\n<meta property=\"og:url\" content=\"https:\/\/www.agullovilaro.es\/en\/victor-cubillo-blasco\/\" \/>\n<meta property=\"og:site_name\" content=\"Cl\u00ednica Odontol\u00f3gica Agull\u00f3 y Vilar\u00f3\" \/>\n<meta property=\"article:modified_time\" content=\"2024-10-21T16:31:36+00:00\" \/>\n<meta name=\"twitter:card\" content=\"summary_large_image\" \/>\n<meta name=\"twitter:label1\" content=\"Est. reading time\" \/>\n\t<meta name=\"twitter:data1\" content=\"2 minutes\" \/>\n<script type=\"application\/ld+json\" class=\"yoast-schema-graph\">{\"@context\":\"https:\/\/schema.org\",\"@graph\":[{\"@type\":\"WebPage\",\"@id\":\"https:\/\/www.agullovilaro.es\/en\/victor-cubillo-blasco\/\",\"url\":\"https:\/\/www.agullovilaro.es\/en\/victor-cubillo-blasco\/\",\"name\":\"Javier Togores Guigou - Cl\u00ednica Odontol\u00f3gica Agull\u00f3 y Villar\u00f3\",\"isPartOf\":{\"@id\":\"https:\/\/www.agullovilaro.es\/#website\"},\"datePublished\":\"2015-10-15T11:06:13+00:00\",\"dateModified\":\"2024-10-21T16:31:36+00:00\",\"description\":\"Javier Togores Guigou - Cl\u00ednica Odontol\u00f3gica Agull\u00f3 y Villar\u00f3\",\"breadcrumb\":{\"@id\":\"https:\/\/www.agullovilaro.es\/en\/victor-cubillo-blasco\/#breadcrumb\"},\"inLanguage\":\"en-US\",\"potentialAction\":[{\"@type\":\"ReadAction\",\"target\":[\"https:\/\/www.agullovilaro.es\/en\/victor-cubillo-blasco\/\"]}]},{\"@type\":\"BreadcrumbList\",\"@id\":\"https:\/\/www.agullovilaro.es\/en\/victor-cubillo-blasco\/#breadcrumb\",\"itemListElement\":[{\"@type\":\"ListItem\",\"position\":1,\"name\":\"Portada\",\"item\":\"https:\/\/www.agullovilaro.es\/en\/\"},{\"@type\":\"ListItem\",\"position\":2,\"name\":\"Victor Cubillo Blasco\"}]},{\"@type\":\"WebSite\",\"@id\":\"https:\/\/www.agullovilaro.es\/#website\",\"url\":\"https:\/\/www.agullovilaro.es\/\",\"name\":\"Cl\u00ednica Odontol\u00f3gica Agull\u00f3 y Vilar\u00f3\",\"description\":\"\",\"potentialAction\":[{\"@type\":\"SearchAction\",\"target\":{\"@type\":\"EntryPoint\",\"urlTemplate\":\"https:\/\/www.agullovilaro.es\/?s={search_term_string}\"},\"query-input\":{\"@type\":\"PropertyValueSpecification\",\"valueRequired\":true,\"valueName\":\"search_term_string\"}}],\"inLanguage\":\"en-US\"}]}<\/script>\n<!-- \/ Yoast SEO plugin. -->","yoast_head_json":{"title":"Javier Togores Guigou - Cl\u00ednica Odontol\u00f3gica Agull\u00f3 y Villar\u00f3","description":"Javier Togores Guigou - Cl\u00ednica Odontol\u00f3gica Agull\u00f3 y Villar\u00f3","robots":{"index":"index","follow":"follow","max-snippet":"max-snippet:-1","max-image-preview":"max-image-preview:large","max-video-preview":"max-video-preview:-1"},"canonical":"https:\/\/www.agullovilaro.es\/en\/victor-cubillo-blasco\/","og_locale":"en_US","og_type":"article","og_title":"Javier Togores Guigou - Cl\u00ednica Odontol\u00f3gica Agull\u00f3 y Villar\u00f3","og_description":"Javier Togores Guigou - Cl\u00ednica Odontol\u00f3gica Agull\u00f3 y Villar\u00f3","og_url":"https:\/\/www.agullovilaro.es\/en\/victor-cubillo-blasco\/","og_site_name":"Cl\u00ednica Odontol\u00f3gica Agull\u00f3 y Vilar\u00f3","article_modified_time":"2024-10-21T16:31:36+00:00","twitter_card":"summary_large_image","twitter_misc":{"Est. reading time":"2 minutes"},"schema":{"@context":"https:\/\/schema.org","@graph":[{"@type":"WebPage","@id":"https:\/\/www.agullovilaro.es\/en\/victor-cubillo-blasco\/","url":"https:\/\/www.agullovilaro.es\/en\/victor-cubillo-blasco\/","name":"Javier Togores Guigou - Cl\u00ednica Odontol\u00f3gica Agull\u00f3 y Villar\u00f3","isPartOf":{"@id":"https:\/\/www.agullovilaro.es\/#website"},"datePublished":"2015-10-15T11:06:13+00:00","dateModified":"2024-10-21T16:31:36+00:00","description":"Javier Togores Guigou - Cl\u00ednica Odontol\u00f3gica Agull\u00f3 y Villar\u00f3","breadcrumb":{"@id":"https:\/\/www.agullovilaro.es\/en\/victor-cubillo-blasco\/#breadcrumb"},"inLanguage":"en-US","potentialAction":[{"@type":"ReadAction","target":["https:\/\/www.agullovilaro.es\/en\/victor-cubillo-blasco\/"]}]},{"@type":"BreadcrumbList","@id":"https:\/\/www.agullovilaro.es\/en\/victor-cubillo-blasco\/#breadcrumb","itemListElement":[{"@type":"ListItem","position":1,"name":"Portada","item":"https:\/\/www.agullovilaro.es\/en\/"},{"@type":"ListItem","position":2,"name":"Victor Cubillo Blasco"}]},{"@type":"WebSite","@id":"https:\/\/www.agullovilaro.es\/#website","url":"https:\/\/www.agullovilaro.es\/","name":"Cl\u00ednica Odontol\u00f3gica Agull\u00f3 y Vilar\u00f3","description":"","potentialAction":[{"@type":"SearchAction","target":{"@type":"EntryPoint","urlTemplate":"https:\/\/www.agullovilaro.es\/?s={search_term_string}"},"query-input":{"@type":"PropertyValueSpecification","valueRequired":true,"valueName":"search_term_string"}}],"inLanguage":"en-US"}]}},"_links":{"self":[{"href":"https:\/\/www.agullovilaro.es\/en\/wp-json\/wp\/v2\/pages\/2986","targetHints":{"allow":["GET"]}}],"collection":[{"href":"https:\/\/www.agullovilaro.es\/en\/wp-json\/wp\/v2\/pages"}],"about":[{"href":"https:\/\/www.agullovilaro.es\/en\/wp-json\/wp\/v2\/types\/page"}],"author":[{"embeddable":true,"href":"https:\/\/www.agullovilaro.es\/en\/wp-json\/wp\/v2\/users\/7"}],"replies":[{"embeddable":true,"href":"https:\/\/www.agullovilaro.es\/en\/wp-json\/wp\/v2\/comments?post=2986"}],"version-history":[{"count":3,"href":"https:\/\/www.agullovilaro.es\/en\/wp-json\/wp\/v2\/pages\/2986\/revisions"}],"predecessor-version":[{"id":5056,"href":"https:\/\/www.agullovilaro.es\/en\/wp-json\/wp\/v2\/pages\/2986\/revisions\/5056"}],"wp:attachment":[{"href":"https:\/\/www.agullovilaro.es\/en\/wp-json\/wp\/v2\/media?parent=2986"}],"curies":[{"name":"wp","href":"https:\/\/api.w.org\/{rel}","templated":true}]}}

[vc_row type=&#8221;full_width_background&#8221; full_screen_row_position=&#8221;middle&#8221; column_margin=&#8221;default&#8221; column_direction=&#8221;default&#8221; column_direction_tablet=&#8221;default&#8221; column_direction_phone=&#8221;default&#8221; bg_color=&#8221;#ffffff&#8221; scene_position=&#8221;center&#8221; top_padding=&#8221;0&#8243; bottom_padding=&#8221;0&#8243; text_color=&#8221;dark&#8221; text_align=&#8221;left&#8221; row_border_radius=&#8221;none&#8221; row_border_radius_applies=&#8221;bg&#8221; overlay_strength=&#8221;0.3&#8243; gradient_direction=&#8221;left_to_right&#8221; shape_divider_position=&#8221;bottom&#8221; bg_image_animation=&#8221;none&#8221;][vc_column column_padding=&#8221;padding-4-percent&#8221; column_padding_tablet=&#8221;inherit&#8221; column_padding_phone=&#8221;inherit&#8221; column_padding_position=&#8221;all&#8221; background_color=&#8221;#ffffff&#8221; background_color_opacity=&#8221;1&#8243; background_hover_color_opacity=&#8221;1&#8243; column_shadow=&#8221;none&#8221; column_border_radius=&#8221;none&#8221; column_link_target=&#8221;_self&#8221; gradient_direction=&#8221;left_to_right&#8221; overlay_strength=&#8221;0.3&#8243; width=&#8221;1/3&#8243; tablet_width_inherit=&#8221;default&#8221; tablet_text_alignment=&#8221;default&#8221; phone_text_alignment=&#8221;default&#8221; column_border_width=&#8221;none&#8221; column_border_style=&#8221;solid&#8221; bg_image_animation=&#8221;none&#8221;][image_with_animation image_url=&#8221;5053&#8243; animation=&#8221;Fade In&#8221; hover_animation=&#8221;none&#8221; alignment=&#8221;center&#8221; border_radius=&#8221;none&#8221; box_shadow=&#8221;none&#8221; image_loading=&#8221;default&#8221; max_width=&#8221;100%&#8221; max_width_mobile=&#8221;default&#8221;][/vc_column][vc_column column_padding=&#8221;no-extra-padding&#8221; column_padding_tablet=&#8221;inherit&#8221; column_padding_phone=&#8221;inherit&#8221; column_padding_position=&#8221;all&#8221; background_color=&#8221;#ffffff&#8221; background_color_opacity=&#8221;1&#8243; background_hover_color_opacity=&#8221;1&#8243; column_shadow=&#8221;none&#8221; column_border_radius=&#8221;none&#8221; column_link_target=&#8221;_self&#8221; gradient_direction=&#8221;left_to_right&#8221; overlay_strength=&#8221;0.3&#8243; width=&#8221;2/3&#8243; tablet_width_inherit=&#8221;default&#8221; tablet_text_alignment=&#8221;default&#8221; phone_text_alignment=&#8221;default&#8221; column_border_width=&#8221;none&#8221; column_border_style=&#8221;solid&#8221; bg_image_animation=&#8221;none&#8221;][vc_row_inner column_margin=&#8221;default&#8221; column_direction=&#8221;default&#8221; column_direction_tablet=&#8221;default&#8221; column_direction_phone=&#8221;default&#8221; text_align=&#8221;left&#8221;][vc_column_inner column_padding=&#8221;padding-5-percent&#8221; column_padding_tablet=&#8221;inherit&#8221; column_padding_phone=&#8221;inherit&#8221; column_padding_position=&#8221;all&#8221; background_color_opacity=&#8221;1&#8243; background_hover_color_opacity=&#8221;1&#8243; column_shadow=&#8221;none&#8221; column_border_radius=&#8221;none&#8221; column_link_target=&#8221;_self&#8221; gradient_direction=&#8221;left_to_right&#8221; overlay_strength=&#8221;0.3&#8243; width=&#8221;1/1&#8243; tablet_width_inherit=&#8221;default&#8221; column_border_width=&#8221;none&#8221; column_border_style=&#8221;solid&#8221; bg_image_animation=&#8221;none&#8221; enable_animation=&#8221;true&#8221; animation=&#8221;flip-in&#8221;][vc_column_text]
<h2 class="weight-700 kill-top-margin">Victor Cubillo Blasco</h2>
<p>FORMACIÓN ACADÉMICA</p>
<ul>
<li class="p1">2018 ESIRO Barcelona Barcelona, España Máster en Oclusión, ATM y Prótesis sobre Implantes</li>
<li class="p1">2014 Clínica del Dr. Joseph Choukroun Niza, Francia Especialización en A-PRF</li>
<li class="p1">2003 – 2004 Instituto ESORIB Madrid-París-Nueva York Implantología y Rehabilitación Oral / Máster</li>
<li class="p1">1996 – 2001 Universidad Alfonso X El Sabio Madrid, España Odontología / Licenciatura 2001 Universidad Alfonso X El Sabio Madrid, España Curso Endodoncia Rotatoria</li>
<li class="p1">2000 Colegio Oficial de Odontólogos Toledo, España Tratamiento Odontológico en Pacientes Especiales</li>
</ul>
<p>EXPERIENCIA PROFESIONAL</p>
<ul>
<li class="p1">Desde 2001 realizando odontología general, endodoncia, periodoncia y prostodoncia, y a partir de 2003 también cirugía e implantología, en diversas clínicas, primero en Madrid y desde 2007 en Tenerife. Durante los últimos 14 años me he dedicado más a cirugía e implantología, especialmente a casos complejos de rehabilitación sobre implantes. La regeneración es la base para una correcta implantología en casos complejos, así como la prostodoncia y la oclusión lo son para el éxito del tratamiento a medio y largo plazo. Actualmente ejerzo de Director Médico en nuestro centro, Atelier Dental, en Tenerife además de colaborar en clínicas en Tenerife y La Palma. Contamos con clínica, laboratorio de prótesis y centro de formación tanto para clínicos como técnicos dentales. Creemos, en Atelier Dental, que seguir formándonos es indispensable en nuestro medio profesional, e intentamos disponer de los mejores Maestros en cada campo</li>
</ul>
[/vc_column_text][/vc_column_inner][/vc_row_inner][/vc_column][/vc_row]

<!-- This site is optimized with the Yoast SEO plugin v26.6 - https://yoast.com/wordpress/plugins/seo/ -->
<title>Javier Togores Guigou - Clínica Odontológica Agulló y Villaró</title>
<meta name="description" content="Javier Togores Guigou - Clínica Odontológica Agulló y Villaró" />
<meta name="robots" content="index, follow, max-snippet:-1, max-image-preview:large, max-video-preview:-1" />
<link rel="canonical" href="https://www.agullovilaro.es/en/victor-cubillo-blasco/" />
<meta property="og:locale" content="en_US" />
<meta property="og:type" content="article" />
<meta property="og:title" content="Javier Togores Guigou - Clínica Odontológica Agulló y Villaró" />
<meta property="og:description" content="Javier Togores Guigou - Clínica Odontológica Agulló y Villaró" />
<meta property="og:url" content="https://www.agullovilaro.es/en/victor-cubillo-blasco/" />
<meta property="og:site_name" content="Clínica Odontológica Agulló y Vilaró" />
<meta property="article:modified_time" content="2024-10-21T16:31:36+00:00" />
<meta name="twitter:card" content="summary_large_image" />
<meta name="twitter:label1" content="Est. reading time" />
	<meta name="twitter:data1" content="2 minutes" />
<script type="application/ld+json" class="yoast-schema-graph">{"@context":"https://schema.org","@graph":[{"@type":"WebPage","@id":"https://www.agullovilaro.es/en/victor-cubillo-blasco/","url":"https://www.agullovilaro.es/en/victor-cubillo-blasco/","name":"Javier Togores Guigou - Clínica Odontológica Agulló y Villaró","isPartOf":{"@id":"https://www.agullovilaro.es/#website"},"datePublished":"2015-10-15T11:06:13+00:00","dateModified":"2024-10-21T16:31:36+00:00","description":"Javier Togores Guigou - Clínica Odontológica Agulló y Villaró","breadcrumb":{"@id":"https://www.agullovilaro.es/en/victor-cubillo-blasco/#breadcrumb"},"inLanguage":"en-US","potentialAction":[{"@type":"ReadAction","target":["https://www.agullovilaro.es/en/victor-cubillo-blasco/"]}]},{"@type":"BreadcrumbList","@id":"https://www.agullovilaro.es/en/victor-cubillo-blasco/#breadcrumb","itemListElement":[{"@type":"ListItem","position":1,"name":"Portada","item":"https://www.agullovilaro.es/en/"},{"@type":"ListItem","position":2,"name":"Victor Cubillo Blasco"}]},{"@type":"WebSite","@id":"https://www.agullovilaro.es/#website","url":"https://www.agullovilaro.es/","name":"Clínica Odontológica Agulló y Vilaró","description":"","potentialAction":[{"@type":"SearchAction","target":{"@type":"EntryPoint","urlTemplate":"https://www.agullovilaro.es/?s={search_term_string}"},"query-input":{"@type":"PropertyValueSpecification","valueRequired":true,"valueName":"search_term_string"}}],"inLanguage":"en-US"}]}</script>
<!-- / Yoast SEO plugin. -->

Javier Togores Guigou - Clínica Odontológica Agulló y Villaró

Clínica Odontológica Agulló y Vilaró
