{"id":2996,"date":"2015-10-21T17:25:10","date_gmt":"2015-10-21T17:25:10","guid":{"rendered":"https:\/\/agullovilaro.es\/en\/mercedes-carmen-perez-treiber\/"},"modified":"2016-04-01T12:19:07","modified_gmt":"2016-04-01T12:19:07","slug":"mercedes-carmen-perez-treiber","status":"publish","type":"page","link":"https:\/\/www.agullovilaro.es\/en\/mercedes-carmen-perez-treiber\/","title":{"rendered":"Mercedes Carmen P\u00e9rez Treiber"},"content":{"rendered":"[vc_row type=&#8221;in_container&#8221; scene_position=&#8221;center&#8221; text_color=&#8221;dark&#8221; text_align=&#8221;left&#8221;][vc_column column_padding=&#8221;no-extra-padding&#8221; column_padding_position=&#8221;all&#8221; background_color_opacity=&#8221;1&#8243; background_hover_color_opacity=&#8221;1&#8243; width=&#8221;1\/3&#8243;][image_with_animation image_url=&#8221;2861&#8243; alignment=&#8221;center&#8221; animation=&#8221;Fade In&#8221;][\/vc_column][vc_column column_padding=&#8221;no-extra-padding&#8221; column_padding_position=&#8221;all&#8221; background_color_opacity=&#8221;1&#8243; background_hover_color_opacity=&#8221;1&#8243; width=&#8221;2\/3&#8243;][vc_column_text]\n<h2 class=\"weight-700 kill-top-margin\">Mercedes Carmen P\u00e9rez Treiber<\/h2>\n<ul>\n<li>Degree in dentistry. Barcelona University<\/li>\n<li>Attendance on Mondays and Fridays on the Mornings (09:30-13:30). Master in oclussion and oral rehabilitaci\u00f3n. Barcelona University. Dr. Mar\u00eda Peraire Ard\u00e8vol \/ Dr. Jordi Sams\u00f3 Lanzando \/ Dr. Joan Salsench Cabr\u00e9.<\/li>\n<li>Attendance on Tuesdays on the Evenings (15:30-20:30). Master in Periodontology and Oral Implantology. Barcelona University. Dr. Carlos Mendieta Fiter.<\/li>\n<li>COEC Conference: Craniomandibular dysfunction: Treatment Options. Dr. Daniel Llombart Jaques.<\/li>\n<li>49<sup>th<\/sup> Annual Meeting SEPA and 5<sup>th<\/sup> Annual Meeting SEPA of Bucco-Dental Hygiene. Barcelona.<\/li>\n<li>IX Seminar on Head and Neck and II Seminar on Oncologic Dentistry. University Hospital in Bellvitge\/Barcelona.<\/li>\n<li>COEC Conference: Camlog dental implants. Dr. Ernest Quiles Blasco.<\/li>\n<li>Internship at the Odontologic Hospital of Bellvitge, where she attended children, adults and older people.<\/li>\n<li>November of 2015: Internship at the Odontologic Hospital of Bellvitge, working in different departments.<\/li>\n<li>Dental Clinic Assistant in Vienna, Austria, at the Dental Clinic Dr. Med. Univ. Hermine Kainz Toifl.<\/li>\n<\/ul>\n[\/vc_column_text][\/vc_column][\/vc_row]\n","protected":false},"excerpt":{"rendered":"<p>[vc_row type=&#8221;in_container&#8221; scene_position=&#8221;center&#8221; text_color=&#8221;dark&#8221; text_align=&#8221;left&#8221;][vc_column column_padding=&#8221;no-extra-padding&#8221; column_padding_position=&#8221;all&#8221; background_color_opacity=&#8221;1&#8243; background_hover_color_opacity=&#8221;1&#8243; width=&#8221;1\/3&#8243;][image_with_animation image_url=&#8221;2861&#8243; alignment=&#8221;center&#8221; animation=&#8221;Fade In&#8221;][\/vc_column][vc_column column_padding=&#8221;no-extra-padding&#8221; column_padding_position=&#8221;all&#8221; background_color_opacity=&#8221;1&#8243; background_hover_color_opacity=&#8221;1&#8243; width=&#8221;2\/3&#8243;][vc_column_text] Mercedes Carmen P\u00e9rez Treiber Degree in dentistry. Barcelona University Attendance on&#8230;<\/p>\n","protected":false},"author":7,"featured_media":2861,"parent":0,"menu_order":0,"comment_status":"closed","ping_status":"closed","template":"","meta":{"footnotes":""},"class_list":["post-2996","page","type-page","status-publish","has-post-thumbnail"],"yoast_head":"<!-- This site is optimized with the Yoast SEO plugin v26.6 - https:\/\/yoast.com\/wordpress\/plugins\/seo\/ -->\n<title>Mercedes Carmen P\u00e9rez Treiber - Cl\u00ednica Odontol\u00f3gica Agull\u00f3 y Villar\u00f3<\/title>\n<meta name=\"description\" content=\"Mercedes Carmen P\u00e9rez Treiber - Cl\u00ednica Odontol\u00f3gica Agull\u00f3 y Villar\u00f3\" \/>\n<meta name=\"robots\" content=\"index, follow, max-snippet:-1, max-image-preview:large, max-video-preview:-1\" \/>\n<link rel=\"canonical\" href=\"https:\/\/www.agullovilaro.es\/en\/mercedes-carmen-perez-treiber\/\" \/>\n<meta property=\"og:locale\" content=\"en_US\" \/>\n<meta property=\"og:type\" content=\"article\" \/>\n<meta property=\"og:title\" content=\"Mercedes Carmen P\u00e9rez Treiber - Cl\u00ednica Odontol\u00f3gica Agull\u00f3 y Villar\u00f3\" \/>\n<meta property=\"og:description\" content=\"Mercedes Carmen P\u00e9rez Treiber - Cl\u00ednica Odontol\u00f3gica Agull\u00f3 y Villar\u00f3\" \/>\n<meta property=\"og:url\" content=\"https:\/\/www.agullovilaro.es\/en\/mercedes-carmen-perez-treiber\/\" \/>\n<meta property=\"og:site_name\" content=\"Cl\u00ednica Odontol\u00f3gica Agull\u00f3 y Vilar\u00f3\" \/>\n<meta property=\"article:modified_time\" content=\"2016-04-01T12:19:07+00:00\" \/>\n<meta property=\"og:image\" content=\"https:\/\/www.agullovilaro.es\/wp-content\/uploads\/2015\/10\/Mercedes-Carmen-Pe\u0301rez-Treiber.jpg\" \/>\n\t<meta property=\"og:image:width\" content=\"795\" \/>\n\t<meta property=\"og:image:height\" content=\"1200\" \/>\n\t<meta property=\"og:image:type\" content=\"image\/jpeg\" \/>\n<meta name=\"twitter:card\" content=\"summary_large_image\" \/>\n<meta name=\"twitter:label1\" content=\"Est. reading time\" \/>\n\t<meta name=\"twitter:data1\" content=\"1 minute\" \/>\n<script type=\"application\/ld+json\" class=\"yoast-schema-graph\">{\"@context\":\"https:\/\/schema.org\",\"@graph\":[{\"@type\":\"WebPage\",\"@id\":\"https:\/\/www.agullovilaro.es\/en\/mercedes-carmen-perez-treiber\/\",\"url\":\"https:\/\/www.agullovilaro.es\/en\/mercedes-carmen-perez-treiber\/\",\"name\":\"Mercedes Carmen P\u00e9rez Treiber - Cl\u00ednica Odontol\u00f3gica Agull\u00f3 y Villar\u00f3\",\"isPartOf\":{\"@id\":\"https:\/\/www.agullovilaro.es\/#website\"},\"primaryImageOfPage\":{\"@id\":\"https:\/\/www.agullovilaro.es\/en\/mercedes-carmen-perez-treiber\/#primaryimage\"},\"image\":{\"@id\":\"https:\/\/www.agullovilaro.es\/en\/mercedes-carmen-perez-treiber\/#primaryimage\"},\"thumbnailUrl\":\"https:\/\/www.agullovilaro.es\/wp-content\/uploads\/2015\/10\/Mercedes-Carmen-Pe\u0301rez-Treiber.jpg\",\"datePublished\":\"2015-10-21T17:25:10+00:00\",\"dateModified\":\"2016-04-01T12:19:07+00:00\",\"description\":\"Mercedes Carmen P\u00e9rez Treiber - Cl\u00ednica Odontol\u00f3gica Agull\u00f3 y Villar\u00f3\",\"breadcrumb\":{\"@id\":\"https:\/\/www.agullovilaro.es\/en\/mercedes-carmen-perez-treiber\/#breadcrumb\"},\"inLanguage\":\"en-US\",\"potentialAction\":[{\"@type\":\"ReadAction\",\"target\":[\"https:\/\/www.agullovilaro.es\/en\/mercedes-carmen-perez-treiber\/\"]}]},{\"@type\":\"ImageObject\",\"inLanguage\":\"en-US\",\"@id\":\"https:\/\/www.agullovilaro.es\/en\/mercedes-carmen-perez-treiber\/#primaryimage\",\"url\":\"https:\/\/www.agullovilaro.es\/wp-content\/uploads\/2015\/10\/Mercedes-Carmen-Pe\u0301rez-Treiber.jpg\",\"contentUrl\":\"https:\/\/www.agullovilaro.es\/wp-content\/uploads\/2015\/10\/Mercedes-Carmen-Pe\u0301rez-Treiber.jpg\",\"width\":795,\"height\":1200},{\"@type\":\"BreadcrumbList\",\"@id\":\"https:\/\/www.agullovilaro.es\/en\/mercedes-carmen-perez-treiber\/#breadcrumb\",\"itemListElement\":[{\"@type\":\"ListItem\",\"position\":1,\"name\":\"Portada\",\"item\":\"https:\/\/www.agullovilaro.es\/en\/\"},{\"@type\":\"ListItem\",\"position\":2,\"name\":\"Mercedes Carmen P\u00e9rez Treiber\"}]},{\"@type\":\"WebSite\",\"@id\":\"https:\/\/www.agullovilaro.es\/#website\",\"url\":\"https:\/\/www.agullovilaro.es\/\",\"name\":\"Cl\u00ednica Odontol\u00f3gica Agull\u00f3 y Vilar\u00f3\",\"description\":\"\",\"potentialAction\":[{\"@type\":\"SearchAction\",\"target\":{\"@type\":\"EntryPoint\",\"urlTemplate\":\"https:\/\/www.agullovilaro.es\/?s={search_term_string}\"},\"query-input\":{\"@type\":\"PropertyValueSpecification\",\"valueRequired\":true,\"valueName\":\"search_term_string\"}}],\"inLanguage\":\"en-US\"}]}<\/script>\n<!-- \/ Yoast SEO plugin. -->","yoast_head_json":{"title":"Mercedes Carmen P\u00e9rez Treiber - Cl\u00ednica Odontol\u00f3gica Agull\u00f3 y Villar\u00f3","description":"Mercedes Carmen P\u00e9rez Treiber - Cl\u00ednica Odontol\u00f3gica Agull\u00f3 y Villar\u00f3","robots":{"index":"index","follow":"follow","max-snippet":"max-snippet:-1","max-image-preview":"max-image-preview:large","max-video-preview":"max-video-preview:-1"},"canonical":"https:\/\/www.agullovilaro.es\/en\/mercedes-carmen-perez-treiber\/","og_locale":"en_US","og_type":"article","og_title":"Mercedes Carmen P\u00e9rez Treiber - Cl\u00ednica Odontol\u00f3gica Agull\u00f3 y Villar\u00f3","og_description":"Mercedes Carmen P\u00e9rez Treiber - Cl\u00ednica Odontol\u00f3gica Agull\u00f3 y Villar\u00f3","og_url":"https:\/\/www.agullovilaro.es\/en\/mercedes-carmen-perez-treiber\/","og_site_name":"Cl\u00ednica Odontol\u00f3gica Agull\u00f3 y Vilar\u00f3","article_modified_time":"2016-04-01T12:19:07+00:00","og_image":[{"width":795,"height":1200,"url":"https:\/\/www.agullovilaro.es\/wp-content\/uploads\/2015\/10\/Mercedes-Carmen-Pe\u0301rez-Treiber.jpg","type":"image\/jpeg"}],"twitter_card":"summary_large_image","twitter_misc":{"Est. reading time":"1 minute"},"schema":{"@context":"https:\/\/schema.org","@graph":[{"@type":"WebPage","@id":"https:\/\/www.agullovilaro.es\/en\/mercedes-carmen-perez-treiber\/","url":"https:\/\/www.agullovilaro.es\/en\/mercedes-carmen-perez-treiber\/","name":"Mercedes Carmen P\u00e9rez Treiber - Cl\u00ednica Odontol\u00f3gica Agull\u00f3 y Villar\u00f3","isPartOf":{"@id":"https:\/\/www.agullovilaro.es\/#website"},"primaryImageOfPage":{"@id":"https:\/\/www.agullovilaro.es\/en\/mercedes-carmen-perez-treiber\/#primaryimage"},"image":{"@id":"https:\/\/www.agullovilaro.es\/en\/mercedes-carmen-perez-treiber\/#primaryimage"},"thumbnailUrl":"https:\/\/www.agullovilaro.es\/wp-content\/uploads\/2015\/10\/Mercedes-Carmen-Pe\u0301rez-Treiber.jpg","datePublished":"2015-10-21T17:25:10+00:00","dateModified":"2016-04-01T12:19:07+00:00","description":"Mercedes Carmen P\u00e9rez Treiber - Cl\u00ednica Odontol\u00f3gica Agull\u00f3 y Villar\u00f3","breadcrumb":{"@id":"https:\/\/www.agullovilaro.es\/en\/mercedes-carmen-perez-treiber\/#breadcrumb"},"inLanguage":"en-US","potentialAction":[{"@type":"ReadAction","target":["https:\/\/www.agullovilaro.es\/en\/mercedes-carmen-perez-treiber\/"]}]},{"@type":"ImageObject","inLanguage":"en-US","@id":"https:\/\/www.agullovilaro.es\/en\/mercedes-carmen-perez-treiber\/#primaryimage","url":"https:\/\/www.agullovilaro.es\/wp-content\/uploads\/2015\/10\/Mercedes-Carmen-Pe\u0301rez-Treiber.jpg","contentUrl":"https:\/\/www.agullovilaro.es\/wp-content\/uploads\/2015\/10\/Mercedes-Carmen-Pe\u0301rez-Treiber.jpg","width":795,"height":1200},{"@type":"BreadcrumbList","@id":"https:\/\/www.agullovilaro.es\/en\/mercedes-carmen-perez-treiber\/#breadcrumb","itemListElement":[{"@type":"ListItem","position":1,"name":"Portada","item":"https:\/\/www.agullovilaro.es\/en\/"},{"@type":"ListItem","position":2,"name":"Mercedes Carmen P\u00e9rez Treiber"}]},{"@type":"WebSite","@id":"https:\/\/www.agullovilaro.es\/#website","url":"https:\/\/www.agullovilaro.es\/","name":"Cl\u00ednica Odontol\u00f3gica Agull\u00f3 y Vilar\u00f3","description":"","potentialAction":[{"@type":"SearchAction","target":{"@type":"EntryPoint","urlTemplate":"https:\/\/www.agullovilaro.es\/?s={search_term_string}"},"query-input":{"@type":"PropertyValueSpecification","valueRequired":true,"valueName":"search_term_string"}}],"inLanguage":"en-US"}]}},"_links":{"self":[{"href":"https:\/\/www.agullovilaro.es\/en\/wp-json\/wp\/v2\/pages\/2996","targetHints":{"allow":["GET"]}}],"collection":[{"href":"https:\/\/www.agullovilaro.es\/en\/wp-json\/wp\/v2\/pages"}],"about":[{"href":"https:\/\/www.agullovilaro.es\/en\/wp-json\/wp\/v2\/types\/page"}],"author":[{"embeddable":true,"href":"https:\/\/www.agullovilaro.es\/en\/wp-json\/wp\/v2\/users\/7"}],"replies":[{"embeddable":true,"href":"https:\/\/www.agullovilaro.es\/en\/wp-json\/wp\/v2\/comments?post=2996"}],"version-history":[{"count":1,"href":"https:\/\/www.agullovilaro.es\/en\/wp-json\/wp\/v2\/pages\/2996\/revisions"}],"predecessor-version":[{"id":3027,"href":"https:\/\/www.agullovilaro.es\/en\/wp-json\/wp\/v2\/pages\/2996\/revisions\/3027"}],"wp:featuredmedia":[{"embeddable":true,"href":"https:\/\/www.agullovilaro.es\/en\/wp-json\/wp\/v2\/media\/2861"}],"wp:attachment":[{"href":"https:\/\/www.agullovilaro.es\/en\/wp-json\/wp\/v2\/media?parent=2996"}],"curies":[{"name":"wp","href":"https:\/\/api.w.org\/{rel}","templated":true}]}}

Mercedes Carmen Pérez Treiber

[vc_row type=&#8221;in_container&#8221; scene_position=&#8221;center&#8221; text_color=&#8221;dark&#8221; text_align=&#8221;left&#8221;][vc_column column_padding=&#8221;no-extra-padding&#8221; column_padding_position=&#8221;all&#8221; background_color_opacity=&#8221;1&#8243; background_hover_color_opacity=&#8221;1&#8243; width=&#8221;1/3&#8243;][image_with_animation image_url=&#8221;2861&#8243; alignment=&#8221;center&#8221; animation=&#8221;Fade In&#8221;][/vc_column][vc_column column_padding=&#8221;no-extra-padding&#8221; column_padding_position=&#8221;all&#8221; background_color_opacity=&#8221;1&#8243; background_hover_color_opacity=&#8221;1&#8243; width=&#8221;2/3&#8243;][vc_column_text]
<h2 class="weight-700 kill-top-margin">Mercedes Carmen Pérez Treiber</h2>
<ul>
<li>Degree in dentistry. Barcelona University</li>
<li>Attendance on Mondays and Fridays on the Mornings (09:30-13:30). Master in oclussion and oral rehabilitación. Barcelona University. Dr. María Peraire Ardèvol / Dr. Jordi Samsó Lanzando / Dr. Joan Salsench Cabré.</li>
<li>Attendance on Tuesdays on the Evenings (15:30-20:30). Master in Periodontology and Oral Implantology. Barcelona University. Dr. Carlos Mendieta Fiter.</li>
<li>COEC Conference: Craniomandibular dysfunction: Treatment Options. Dr. Daniel Llombart Jaques.</li>
<li>49<sup>th</sup> Annual Meeting SEPA and 5<sup>th</sup> Annual Meeting SEPA of Bucco-Dental Hygiene. Barcelona.</li>
<li>IX Seminar on Head and Neck and II Seminar on Oncologic Dentistry. University Hospital in Bellvitge/Barcelona.</li>
<li>COEC Conference: Camlog dental implants. Dr. Ernest Quiles Blasco.</li>
<li>Internship at the Odontologic Hospital of Bellvitge, where she attended children, adults and older people.</li>
<li>November of 2015: Internship at the Odontologic Hospital of Bellvitge, working in different departments.</li>
<li>Dental Clinic Assistant in Vienna, Austria, at the Dental Clinic Dr. Med. Univ. Hermine Kainz Toifl.</li>
</ul>
[/vc_column_text][/vc_column][/vc_row]

<p>[vc_row type=&#8221;in_container&#8221; scene_position=&#8221;center&#8221; text_color=&#8221;dark&#8221; text_align=&#8221;left&#8221;][vc_column column_padding=&#8221;no-extra-padding&#8221; column_padding_position=&#8221;all&#8221; background_color_opacity=&#8221;1&#8243; background_hover_color_opacity=&#8221;1&#8243; width=&#8221;1/3&#8243;][image_with_animation image_url=&#8221;2861&#8243; alignment=&#8221;center&#8221; animation=&#8221;Fade In&#8221;][/vc_column][vc_column column_padding=&#8221;no-extra-padding&#8221; column_padding_position=&#8221;all&#8221; background_color_opacity=&#8221;1&#8243; background_hover_color_opacity=&#8221;1&#8243; width=&#8221;2/3&#8243;][vc_column_text] Mercedes Carmen Pérez Treiber Degree in dentistry. Barcelona University Attendance on&#8230;</p>

<!-- This site is optimized with the Yoast SEO plugin v26.6 - https://yoast.com/wordpress/plugins/seo/ -->
<title>Mercedes Carmen Pérez Treiber - Clínica Odontológica Agulló y Villaró</title>
<meta name="description" content="Mercedes Carmen Pérez Treiber - Clínica Odontológica Agulló y Villaró" />
<meta name="robots" content="index, follow, max-snippet:-1, max-image-preview:large, max-video-preview:-1" />
<link rel="canonical" href="https://www.agullovilaro.es/en/mercedes-carmen-perez-treiber/" />
<meta property="og:locale" content="en_US" />
<meta property="og:type" content="article" />
<meta property="og:title" content="Mercedes Carmen Pérez Treiber - Clínica Odontológica Agulló y Villaró" />
<meta property="og:description" content="Mercedes Carmen Pérez Treiber - Clínica Odontológica Agulló y Villaró" />
<meta property="og:url" content="https://www.agullovilaro.es/en/mercedes-carmen-perez-treiber/" />
<meta property="og:site_name" content="Clínica Odontológica Agulló y Vilaró" />
<meta property="article:modified_time" content="2016-04-01T12:19:07+00:00" />
<meta property="og:image" content="https://www.agullovilaro.es/wp-content/uploads/2015/10/Mercedes-Carmen-Pérez-Treiber.jpg" />
	<meta property="og:image:width" content="795" />
	<meta property="og:image:height" content="1200" />
	<meta property="og:image:type" content="image/jpeg" />
<meta name="twitter:card" content="summary_large_image" />
<meta name="twitter:label1" content="Est. reading time" />
	<meta name="twitter:data1" content="1 minute" />
<script type="application/ld+json" class="yoast-schema-graph">{"@context":"https://schema.org","@graph":[{"@type":"WebPage","@id":"https://www.agullovilaro.es/en/mercedes-carmen-perez-treiber/","url":"https://www.agullovilaro.es/en/mercedes-carmen-perez-treiber/","name":"Mercedes Carmen Pérez Treiber - Clínica Odontológica Agulló y Villaró","isPartOf":{"@id":"https://www.agullovilaro.es/#website"},"primaryImageOfPage":{"@id":"https://www.agullovilaro.es/en/mercedes-carmen-perez-treiber/#primaryimage"},"image":{"@id":"https://www.agullovilaro.es/en/mercedes-carmen-perez-treiber/#primaryimage"},"thumbnailUrl":"https://www.agullovilaro.es/wp-content/uploads/2015/10/Mercedes-Carmen-Pérez-Treiber.jpg","datePublished":"2015-10-21T17:25:10+00:00","dateModified":"2016-04-01T12:19:07+00:00","description":"Mercedes Carmen Pérez Treiber - Clínica Odontológica Agulló y Villaró","breadcrumb":{"@id":"https://www.agullovilaro.es/en/mercedes-carmen-perez-treiber/#breadcrumb"},"inLanguage":"en-US","potentialAction":[{"@type":"ReadAction","target":["https://www.agullovilaro.es/en/mercedes-carmen-perez-treiber/"]}]},{"@type":"ImageObject","inLanguage":"en-US","@id":"https://www.agullovilaro.es/en/mercedes-carmen-perez-treiber/#primaryimage","url":"https://www.agullovilaro.es/wp-content/uploads/2015/10/Mercedes-Carmen-Pérez-Treiber.jpg","contentUrl":"https://www.agullovilaro.es/wp-content/uploads/2015/10/Mercedes-Carmen-Pérez-Treiber.jpg","width":795,"height":1200},{"@type":"BreadcrumbList","@id":"https://www.agullovilaro.es/en/mercedes-carmen-perez-treiber/#breadcrumb","itemListElement":[{"@type":"ListItem","position":1,"name":"Portada","item":"https://www.agullovilaro.es/en/"},{"@type":"ListItem","position":2,"name":"Mercedes Carmen Pérez Treiber"}]},{"@type":"WebSite","@id":"https://www.agullovilaro.es/#website","url":"https://www.agullovilaro.es/","name":"Clínica Odontológica Agulló y Vilaró","description":"","potentialAction":[{"@type":"SearchAction","target":{"@type":"EntryPoint","urlTemplate":"https://www.agullovilaro.es/?s={search_term_string}"},"query-input":{"@type":"PropertyValueSpecification","valueRequired":true,"valueName":"search_term_string"}}],"inLanguage":"en-US"}]}</script>
<!-- / Yoast SEO plugin. -->

Mercedes Carmen Pérez Treiber - Clínica Odontológica Agulló y Villaró

Clínica Odontológica Agulló y Vilaró
